osite number?
True
Is 67307 a composite number?
False
Is 30907466 composite?
True
Is 1207213897 composite?
False
Is 2901989 composite?
False
Is 580193407 a prime number?
False
Is 817559 a composite number?
True
Is 4410083 a prime number?
False
Is 331951463 composite?
False
Is 34114783 a prime number?
True
Is 6169159 a prime number?
False
Is 2677631 composite?
True
Is 19367773 a prime number?
False
Is 115940917 composite?
True
Is 43854383 composite?
False
Is 257089507 a composite number?
False
Is 14313787 a composite number?
False
Is 60534721 a composite number?
True
Is 18844607 a composite number?
True
Is 8865386 a composite number?
True
Is 60132014 a prime number?
False
Is 2479453 prime?
True
Is 5327929 a prime number?
True
Is 70783 prime?
True
Is 3094321 composite?
True
Is 86444447 prime?
False
Is 6497419 prime?
False
Is 1302137 composite?
False
Is 53829466 a prime number?
False
Is 882647 composite?
True
Is 87331627 a composite number?
False
Is 1222399 a prime number?
False
Is 4122401 a composite number?
False
Is 17610719 prime?
False
Is 20020643 a composite number?
True
Is 579279 prime?
False
Is 458377 composite?
False
Is 4886669 a prime number?
True
Is 2411351 composite?
False
Is 5318609 composite?
True
Is 40461457 composite?
False
Is 34818779 composite?
False
Is 4704023 a composite number?
False
Is 45355727 a composite number?
False
Is 8427067 a prime number?
False
Is 348606821 a prime number?
False
Is 2138 composite?
True
Is 7465877 a prime number?
False
Is 455819167 a composite number?
False
Is 1821049 a composite number?
True
Is 7713179 a composite number?
False
Is 4100767 composite?
True
Is 313918585 composite?
True
Is 11082601 composite?
False
Is 48130267 prime?
True
Is 55080359 prime?
False
Is 39079 a composite number?
False
Is 240209873 composite?
False
Is 14907437 prime?
True
Is 269851 a prime number?
True
Is 3955927 composite?
False
Is 30222497 prime?
False
Is 1432621 prime?
True
Is 937906 a prime number?
False
Is 39994879 prime?
True
Is 2912727 a prime number?
False
Is 50289691 a composite number?
False
Is 38499731 a prime number?
True
Is 1917931 a prime number?
True
Is 43771181 prime?
False
Is 1418917 composite?
False
Is 6977669 a composite number?
True
Is 1156717 prime?
False
Is 7995413 a composite number?
False
Is 36146107 composite?
False
Is 55967137 prime?
False
Is 2348161 a composite number?
False
Is 212341603 a prime number?
True
Is 19279087 a composite number?
False
Is 7111717 a composite number?
True
Is 76663 a composite number?
True
Is 18253709 prime?
False
Is 12103997 prime?
True
Is 17451431 prime?
False
Is 13292099 a prime number?
True
Is 781208849 composite?
False
Is 30072151 a prime number?
False
Is 3644867 composite?
True
Is 9738958 a prime number?
False
Is 1927501 composite?
False
Is 695595091 prime?
True
Is 9276745 a composite number?
True
Is 10039847 a composite number?
True
Is 547291559 composite?
False
Is 14788661 composite?
True
Is 29852327 composite?
False
Is 52889729 prime?
True
Is 2134399 composite?
False
Is 1742893 a composite number?
False
Is 1751377 prime?
True
Is 24195983 prime?
False
Is 430741721 composite?
False
Is 77288689 composite?
False
Is 157208761 a composite number?
False
Is 2612921 composite?
False
Is 37312793 a composite number?
True
Is 495634261 composite?
True
Is 32863349 composite?
True
Is 6073121 composite?
False
Is 56206037 prime?
True
Is 17075398 composite?
True
Is 7838521 composite?
True
Is 51097117 a composite number?
True
Is 4256249 prime?
True
Is 38861891 a prime number?
False
Is 3052106 a prime number?
False
Is 802967 composite?
True
Is 8257217 composite?
False
Is 24558253 composite?
False
Is 27078137 prime?
True
Is 32603 prime?
True
Is 51980729 prime?
True
Is 4547867 composite?
True
Is 1599887 composite?
True
Is 52051078 a composite number?
True
Is 3245803 prime?
False
Is 15143179 prime?
True
Is 1427141 a prime number?
True
Is 222509773 a prime number?
True
Is 54962426 a composite number?
True
Is 10304111 a composite number?
False
Is 4241371 prime?
True
Is 2213947 composite?
True
Is 673219 a prime number?
False
Is 2627351 a composite number?
True
Is 433421 composite?
False
Is 13466107 a composite number?
True
Is 9815789 prime?
True
Is 38846201 a composite number?
False
Is 294074767 a composite number?
True
Is 99775835 a prime number?
False
Is 7899317 composite?
True
Is 3741919 a composite number?
False
Is 4481533 a prime number?
False
Is 538243 composite?
True
Is 327641107 a prime number?
True
Is 17009273 a prime number?
False
Is 211081921 a composite number?
False
Is 748890781 a composite number?
True
Is 1598273 composite?
False
Is 6296357 prime?
True
Is 31702289 prime?
False
Is 366807421 composite?
True
Is 50647 prime?
True
Is 66218869 a composite number?
True
Is 138872857 composite?
True
Is 24763 a prime number?
True
Is 88450057 a composite number?
True
Is 54998491 composite?
True
Is 151152041 a composite number?
True
Is 55000301 a prime number?
True
Is 12332773 composite?
True
Is 37474793 a prime number?
True
Is 227053 a composite number?
False
Is 22356739 a composite number?
True
Is 76787507 a prime number?
False
Is 2588177 composite?
False
Is 4006491 prime?
False
Is 1133983 a composite number?
True
Is 164191133 prime?
True
Is 4288681 a prime number?
True
Is 66459203 prime?
True
Is 6011251 composite?
True
Is 1076945 a composite number?
True
Is 202657549 composite?
False
Is 2659001 composite?
False
Is 14999 prime?
False
Is 82328189 composite?
False
Is 127995221 composite?
False
Is 47335499 composite?
False
Is 3899549 a composite number?
False
Is 385978823 composite?
False
Is 966373 a composite number?
False
Is 520914859 a composite number?
True
Is 3812177 composite?
False
Is 1423603 prime?
True
Is 611873 composite?
False
Is 8082101 composite?
True
Is 200934991 composite?
True
Is 5332555 a composite number?
True
Is 1084871 a prime number?
True
Is 1076237 prime?
True
Is 116910349 prime?
True
Is 1605445382 composite?
True
Is 51914131 a prime number?
True
Is 6399179 prime?
False
Is 67286767 composite?
True
Is 1491199 a composite number?
False
Is 150148783 composite?
True
Is 55470611 prime?
False
Is 16178703 prime?
False
Is 2487703 composite?
True
Is 5804647 a prime number?
False
Is 4419901 composite?
False
Is 3155923 prime?
True
Is 148503182 prime?
False
Is 47197367 prime?
False
Is 18803893 a prime number?
True
Is 1466473 a composite number?
False
Is 44626109 a composite number?
True
Is 24002435 prime?
False
Is 6801609 prime?
False
Is 5390459 a composite number?
True
Is 39029271 composite?
True
Is 33759881 a prime number?
True
Is 849389 a prime number?
False
Is 13202491 a prime number?
False
Is 45344311 prime?
False
Is 8102033 a composite number?
True
Is 114713 composite?
False
Is 2322073 a prime number?
False
Is 3105623 a composite number?
True
Is 1192355 composite?
True
Is 9919291 composite?
False
Is 8425423 prime?
True
Is 70985 composite?
True
Is 49232815 composite?
True
Is 73301041 a prime number?
False
Is 6062213 composite?
False
Is 3481619 a prime number?
False
Is 7530239 a prime number?
True
Is 8322427 composite?
True
Is 991381 a composite number?
False
Is 7529051 a prime number?
True
Is 16657843 a prime number?
True
Is 22055867 a composite number?
False
Is 45381913 a prime number?
True
Is 35951159 a composite number?
True
Is 71825137 a prime number?
True
Is 199043654 a composite number?
True
Is 58752901 a prime number?
False
Is 2137522 a prime number?
False
Is 35570435 a composite number?
True
Is 291874757 composite?
True
Is 8768153 a composite number?
False
Is 153243373 prime?
True
Is 97609191 a composite number?
True
Is 26152751 prime?
False
Is 9800863 composite?
True
Is 53644387 prime?
True
Is 11713073 composite?
False
Is 204554573 composite?
False
Is 16404503 prime?
True
Is 86181137 a composite number?
True
Is 10541119 prime?
True
Is 12904027 prime?
True
Is 5519813 composite?
True
Is 2311457 prime?
False
Is 284827261 prime?
True
Is 3510779 a prime number?
True
Is 6580421 prime?
False
Is 1299535 composite?
True
Is 18547162 a composite number?
True
Is 184925679 prime?
False
Is 2662129 a prime number?
True
Is 17535797 prime?
True
Is 113272091 prime?
False
Is 7831559 composite?
False
Is 26999753 prime?
False
Is 71213294 prime?
False
Is 564738949 a prime number?
True